mon divisor of 56 and z?
7
Let m(h) = -4*h**2 - 59*h - 6. Let s be m(-14). Let d be s/(-20)*(-110)/3. Calculate the greatest common factor of 33 and d.
33
Let n(x) = 74*x + 9168. Let d be n(-122). Calculate the greatest common divisor of d and 1344.
28
Let v be (((-609)/(-14))/(-29))/((-365277)/365268 - -1). Calculate the greatest common factor of 122 and v.
122
Let k be 1121/1 + 300/(-20). Calculate the highest common factor of k and 308.
14
Suppose 8*g = 2499 + 741. Let j = 726 - g. Suppose -5*n = 4*y - 809, -y = 2*n - 4*n + j. What is the highest common divisor of 23 and n?
23
Let w(n) = 52 - 31 + 2*n**2 - 33 - 35*n + n**3 - 8*n**2. Let l be w(11). Calculate the greatest common factor of l and 13.
13
Let a(u) = u + 18. Let s be a(-8). Let v(r) = -31*r - 47. Let b be v(-7). What is the greatest common factor of b and s?
10
Suppose -2170 - 1691 = -392*w - 333. Calculate the highest common divisor of w and 22023.
9
Let u be (0/38)/(3 + -1) + 24. Let c be 9/(-24) + 441/u. What is the highest common divisor of c and 54?
18
Let o be (-829584)/(-13104) + (-8)/26. What is the greatest common factor of 98 and o?
7
Let q be ((-3488)/(-480) - 9/15)*(-336)/(-5). Calculate the highest common divisor of 175 and q.
7
Let k = 20047 + -20039. Let t be (256/(-6))/((-3)/18). What is the highest common factor of k and t?
8
Suppose 4*z + 5*w = 60 + 27, -5*z - 5*w + 105 = 0. Let x(f) = 4*f + 54. Let j be x(9). Calculate the greatest common factor of z and j.
18
Suppose -24*x + 197 + 2491 = 0. What is the highest common divisor of 1232 and x?
112
Let n(w) = -22*w**2 - 97*w - 4. Let a be n(-2). What is the highest common divisor of 1632 and a?
102
Suppose 3*u + 7 + 20 = 0. Let q be (-16)/72 - 29/u. Suppose i + f = 11, 0 = 3*i + 4*f + q - 38. What is the greatest common factor of i and 27?
9
Let w be (2 + 2)/4 - -3. Suppose -w*a - 44 + 228 = 0. Let s(k) = 17*k - 33. Let v be s(6). What is the highest common factor of a and v?
23
Let q be 7 + -1 - (8 - (13 + 2255)). What is the greatest common factor of 33 and q?
11
Let b = 32240 + -32095. Suppose -3*h = -4*h + 71. Suppose -74 = -5*k + h. Calculate the highest common factor of b and k.
29
Let d(i) = i**3 + 5*i**2 + 4*i + 4. Let n be d(-4). Let a be (-8310)/(-27) - (0 - n/18). Suppose -5*v - 6*v = -a. What is the highest common factor of v and 14?
14
Let d = 9113 + -7409. What is the greatest common factor of d and 144?
24
Let c(v) = 14*v**3 - 4*v**3 - 7*v + 6*v**2 + 169 - 168. Let f be c(2). Calculate the highest common factor of f and 14.
7
Suppose 7*r - 15*r + 408 = 0. Suppose -r*a + 41*a = -1280. What is the greatest common divisor of 2 and a?
2
Let n be (-34)/30 + -4 + 5 + (-10409)/(-105). What is the greatest common factor of n and 1749?
33
Let g be ((23370/(-45))/(-19))/(2/153). Calculate the greatest common factor of g and 615.
123
Let m be (-15)/(-10)*((-176)/6)/(-2). Let g = 30 - m. Suppose -3*j = -5*a + 212, -2*j - 2 = 6. Calculate the greatest common divisor of g and a.
8
Let d(o) = 39*o - 6169. Let n be d(161). Calculate the highest common divisor of 890 and n.
10
Suppose -8*q - 9 = -11*q. Suppose q*m + 12 - 63 = 0. Let z = -82 - -218. Calculate the greatest common factor of z and m.
17
Suppose 4*n + 0*m - 602 = 5*m, 2*n - m = 298. Calculate the greatest common factor of n and 925.
37
Let h(f) = 2*f**3 + 3*f**2 - 3*f + 1. Let t = -57 + 58. Let x be h(t). Suppose -52 + 64 = x*p. What is the highest common divisor of 4 and p?
4
Let p = 79 + 27. Let z = 109 - p. What is the greatest common divisor of z and 33?
3
Let h(g) = 22 + 31*g + 4 + 21 - 26*g. Let i be h(-7). Calculate the highest common factor of 324 and i.
12
Let n(y) = y. Let i(x) = 4*x + 12. Let z(f) = -i(f) + 3*n(f). Let r be z(-18). Let v = r - -3. Calculate the greatest common divisor of v and 3.
3
Suppose 996 = 22*j - 246*j + 5700. Calculate the highest common divisor of j and 2577.
3
Let a be ((-11)/(-22) + (-5)/(-2))/(-1). Let t be 5/a + (-150)/(-90). Suppose -216 = -3*y - t*y. Calculate the highest common divisor of y and 16.
8
Let i(o) = -o**3 - 130*o**2 - 390*o - 575. Let r be i(-127). What is the highest common divisor of r and 923?
71
Suppose -10 = 5*s - 5, 0 = -2*j - 3*s + 69. Suppose -33*i = -5*i - 168. Suppose -35 = -i*t + 19. What is the greatest common divisor of t and j?
9
Suppose 89*a + 336 = 96*a. Let v be (-769)/(-6) + a/(-288). Calculate the greatest common factor of v and 2.
2
Suppose -2*i + 4*i = 108. Let j = 12786 + -12543. What is the greatest common factor of j and i?
27
Let g(p) = -2*p**2 + 3*p - 56. Let d(u) = u**2 + 2*u. Let t(j) = -d(j) - g(j). Let z be t(0). What is the greatest common divisor of z and 504?
56
Let m(l) = -110*l**3 + 10*l**2 - 12*l - 21. Let k be m(-5). What is the highest common factor of 139 and k?
139
Let d = 59 - 69. Let k(p) = 4*p**2 + 13. Let o be k(d). What is the highest common divisor of o and 7?
7
Let z(t) = -2*t**2 + 27*t + 58. Let k be z(14). Let p be (-61 - 1)/(-2) + k + -47. Calculate the greatest common divisor of 7 and p.
7
Suppose 16 = 5*u + 3*w, 12 = w - 5*w. Let z(b) = -4*b - 12. Let c be z(-3). Suppose 2*d + 4*d - 90 = c. Calculate the highest common divisor of d and u.
5
Let v be (-167)/(-5) - ((-192)/20 - -10). Calculate the highest common factor of 1892 and v.
11
Let r be 6 + 5 + (-1 - 3) + (36 - 7). What is the greatest common factor of 10116 and r?
36
Suppose 0 = -2*i + 16 - 33 + 43. Calculate the greatest common divisor of i and 3159.
13
Let v = -429 + 444. Suppose 2*d + 12 - 36 = -4*c, -d = c - v. What is the greatest common divisor of d and 9?
9
Let m be (0/(-2))/(2 + -1). Suppose 25*p - 3152 - 2273 = m. Calculate the greatest common divisor of 7 and p.
7
Let u(n) = -2351*n - 1826. Let x be u(-1). What is the greatest common divisor of 1845 and x?
15
Let f = -1102 - -1101. Let y(x) = -10*x**3 + 6*x**2 + 5*x - 2. Let u be y(f). Let k = -1 + 2. What is the highest common factor of u and k?
1
Suppose 77*d = 359*d + 18503 - 135533. What is the greatest common factor of 20 and d?
5
Let d(m) be the second derivative of m**4/12 + 8*m**3/3 - 63*m**2/2 + m + 3. Let q be d(-21). What is the greatest common factor of 14 and q?
14
Let r be 12946/13 + -4*2/(-52). Let b = r + -598. Suppose 0 = -4*x + b - 86. Calculate the highest common factor of x and 13.
13
Suppose 74*x - 11142 = -486. What is the greatest common factor of 208 and x?
16
Suppose -4796 = 464*b - 486*b. Calculate the highest common divisor of b and 6.
2
Let l = 3718 - 3138. What is the highest common divisor of l and 2175?
145
Suppose -2*f - 18 = -9*c + 13*c, 4*f + 24 = 4*c. Let k(x) = 27*x + 194. Let h be k(f). Calculate the highest common factor of h and 95.
5
Let k = 2375 - 2373. What is the greatest common divisor of 197 and k?
1
Let m = 3553 + -3394. Calculate the highest common factor of m and 3975.
159
Let j be (-96)/(5 + -1)*32/12. Let r be j/80 + (2 - 117/(-15)). Let q be (3 - (-2 + -1)) + 0. Calculate the greatest common divisor of r and q.
3
Let s(d) be the first derivative of -6*d - 1/3*d**3 - 6 + 11*d**2. Let q be s(7). What is the greatest common factor of q and 11?
11
Suppose -1021 - 12375 = -49*l + 8213. Calculate the highest common divisor of l and 84.
21
Let y(n) = -n**3 + 36*n**2 - 71*n + 112. Let v be y(34). What is the greatest common divisor of v and 960?
10
Let v = -998 - -1029. Let k = 271 - 23. What is the greatest common divisor of v and k?
31
Suppose 0 = 5*o - 7 - 8. Suppose 7*j - 2 = 6*j. Let w be -2 + (-18)/(-4) - j/(-4). What is the highest common factor of o and w?
3
Let u(k) = 9*k**2 - 8*k - 24. Let v be 5*((-57)/45 + 10/15). Let f be u(v). Suppose 16 + 20 = 4*d. Calculate the highest common divisor of f and d.
9
Suppose 10*f = 2*f - 185360. Let y be (-2)/11 - f/385. Calculate the greatest common divisor of y and 40.
20
Suppose 39*z - 2494 + 1558 = 0. Calculate the highest common factor of z and 708.
12
Suppose -v + 2*v = 5*g - 225, 3*v - 2*g + 636 = 0. Let w be (-26520)/v + 9/(-7) + 1. What is the greatest common divisor of w and 90?
18
Let p(k) = -k**3 - 74*k**2 - 29*k - 2144. Let y be p(-74). What is the highest common divisor of 103 and y?
1
Let c = -1765 - -1986. Calculate the highest common factor of c and 26.
13
Suppose -7 - 24 = -2*p - 5*u, 4*u = 3*p - 58. Let t = -808 + 1078. 